- -1 - 5) + 17 - 3?
6
What is -16 - -7 - (21 - 46)?
16
What is 9 + (11 - 10) + (6 - 11)?
5
What is the value of (-131 - -141) + 4 + -39?
-25
What is the value of (-7 - -1) + -5 + (-15 - -17) - 1?
-10
-22 + 6 + 8 + -1
-9
-3 - (-4 + (4 - (1 - 8)))
-10
Evaluate 24 + -6 - (-1 - -4 - (3 - 6)).
12
What is the value of (1 - -2) + -19 + 6 - (83 - 75)?
-18
Evaluate 4 + (-12 - (-18 - -9)) + 4 + -34.
-29
Calculate 31 + -6 - (3 - -8).
14
Evaluate -9 + 6 + (7 - (7 + 6)) + -6.
-15
Evaluate (3 - 3) + 4 + -5.
-1
(-2 - -5) + -13 + -9 - -7
-12
What is -12 - -35 - (3 + 35)?
-15
Calculate (2 + -17 - -2) + 2.
-11
Evaluate (15 - (-3 - (5 + -10))) + 8.
21
1 + (0 - -5) + (903 - 891)
18
What is the value of 209 + -207 - (-2 + 10)?
-6
What is 8 + -1 + 3 + -9 + 2 + 4?
7
Evaluate (9 - 4) + (-9 + 2 - -10).
8
What is the value of -22 - (-7 + -13 - (-12 - -1))?
-13
What is the value of (5 - 1) + (-18 - (11 - (11 + 13)))?
-1
What is the value of -9 + (-4 + 21 - 8 - (1 + 4))?
-5
What is -8 + 7 + (-5 - -2) - -13?
9
Calculate (-15 - -14) + (3 - -5).
7
Calculate -16 - (-24 + (17 - 0)).
-9
Evaluate 27 + -7 - 22 - (1 - 10).
7
Evaluate -9 + -9 + 19 - -4.
5
What is the value of 1 - (7 - -19) - (-3 - 2)?
-20
What is the value of 1 + -21 + 10 - -9?
-1
Evaluate 14 - (166 + -137 + (1 - 8)).
-8
What is (-2 - (3 + 0)) + (14 - 14) + 0?
-5
What is the value of -18 - -58 - 16 - 12?
12
(-1 - 21) + (-2 - (16 - 16) - -6)
-18
Calculate (8 - 12) + (-11 - -8 - (0 - -4)).
-11
What is (-20 - -13) + -5 + 0 + 7?
-5
Evaluate (-10 - -21) + -42 + 16.
-15
What is the value of -20 - (-12 + (24 - 14))?
-18
Calculate 8 - ((25 - 7 - 2) + -8).
0
Evaluate ((0 - -5) + 0 - (-11 + 12)) + 5.
9
Evaluate -11 - (0 + 0 + 12 - (-40 + 46)).
-17
Calculate 10 + 21 + -20 + (-1 - 3) + 3.
10
Evaluate 31 - (13 + (-1 + 0 - 8) + 5).
22
Evaluate 6 - (3 - (-2 + 1)) - (-31 + 7).
26
What is -4 + (-6 - -12) + -4 - (4 + -1)?
-5
What is the value of 1 + -10 + 192 + -184?
-1
What is (12 - (-31 + -1 + 12 + -5)) + -1?
36
11 - (22 - (23 - 11))
1
(-2 - (10 + 7)) + 6 - 2
-15
-549 + 544 - (-1 + 1 + 0 - -2)
-7
Evaluate (-81 + 70 - (0 + -20)) + 11.
20
What is the value of -4 - (5 - 7) - (0 + 14 + -8)?
-8
What is the value of 2 + -11 + (0 - -2)?
-7
-5 - (-13 + -4 + 20)
-8
-49 - (17 - 34) - (-2 - 0)
-30
-6 + 1 + 8 + 2 + -12
-7
What is -7 + (-9 - -10) + 10 - (-1 - -1)?
4
What is -18 + 2 + 18 + -27 + (14 - -1)?
-10
Evaluate -31 - (-82 + 44) - (-2 - 2).
11
Evaluate -7 + (4 - (7 - (-3 - -5))) + -14.
-22
What is the value of -11 + -24 - -72 - 60?
-23
Evaluate -50 + (-2 + 0 - -8) + (-57 - -63).
-38
Evaluate -5 + (7 - 7) - 9 - -10 - 17.
-21
What is (-5 - -12) + 19 + -14 + -17?
-5
What is -13 - (-23 - (0 + 1 + 13))?
24
(45 - (1 + 52)) + -2 + 39
29
Evaluate -17 + 15 + -58 - -40.
-20
393 - 369 - (0 + 3)
21
Evaluate 3 - (-2 + -29 + 19 - (0 + -5)).
10
Calculate 4 + 1 + (-2 - 5) + (-97 - -73).
-26
What is -32 + 35 - ((0 - 1) + -5) - -1?
10
Evaluate (1 - (-13 + 18)) + -4 - (-20 + 0).
12
What is the value of -2 + (2 - -8) + -11 - 2?
-5
What is the value of (-29 - -2) + (-12 - ((-12 - -15) + -20))?
-22
What is the value of (0 + (-4 - (-3 - 4)) - -1) + -4?
0
-7 - (-11 - 15) - 5
14
(-374 - -413) + -1 + -35
3
Calculate -25 - ((-36 - -16) + 9).
-14
What is 16 - (14 + 9) - -20?
13
What is the value of -2 - (-12 - 6 - -5)?
11
Calculate (12 - 7) + 5 + 1.
11
What is the value of 425 + -417 + (1 - 8)?
1
What is 29 + -13 - (4 + 22) - 5?
-15
Calculate 46 + (29 - 2) + -38.
35
Calculate (5 - (-16 + 9)) + 1 + -2.
11
18 + -23 + 16 + (0 - -2 - 1)
12
Calculate 35 + -19 - -3 - 7.
12
What is 14 + 5 + 5 - (-6 + 1 + 15)?
14
Evaluate -1 + -10 - (-4 + -31 + 3).
21
What is the value of -73 - (-16 + 10 - 31)?
-36
What is -12 + 4 + -7 + (10 - 5)?
-10
Calculate 43 + (-43 - -34 - 8).
26
-9 + (4 + 1 - (4 + -3))
-5
Evaluate 12 - ((6 - 4) + (2 - -3)).
5
What is -5 + (15 - (-9 + 10 + 7))?
2
What is the value of 6 - -2 - (7 + (-10 - (-5 - -2)))?
8
What is the value of -108 + 104 - (-1 + 1 + -5 + 21)?
-20
What is -5 + -1 + (-10 - 6)?
-22
What is the value of (0 - (2 - 3)) + -44 + 50?
7
Calculate -2 + -6 - (-2 - -1).
-7
What is the value of -1 - -2 - (20 - 6 - 8 - 7)?
2
Calculate 3 + 4 + 3 - -3.
13
Calculate (2 - (24 - 0)) + (16 - (-12 + 24)).
-18
-26 + (9 + -21 - -12)
-26
-26 + (34 - 18 - -11)
1
2 + -4 + (0 - -1) + -4 + 16
11
Calculate 10 + (19 - 35) + -5.
-11
-11 - ((9 - 6 - 5) + (-9 - -11))
-11
What is the value of 16 - (10 - -19 - 19)?
6
Evaluate 38 + -14 - (13 + (-8 - 10)).
29
Calculate (-8 - (-4 - (-4 + 4))) + 9 + -7.
-2
Calculate (-35 - ((12 - 13) + -2)) + 10 + -2.
-24
What is the value of -8 + (13 - -1) - (-4 - 1)?
11
What is -8 - (7 + -2) - (-10 - -8 - 4)?
-7
7 + 7 + 11 + -4 + 0 + 2
23
Evaluate -17 - -6 - (13 - 6 - 2).
-16
What is the value of -2 + -1 + (17 - (3 + 14)) + 5?
2
Evaluate -15 + (3 + -11 + 1 - (-11 - -5)).
-16
Calculate -14 - (-25 + 12 - 8 - -15).
-8
Evaluate 8 - 11 - (9 + -11).
-1
Calculate 1 - (-1 + (1 - -1) + -2) - 8.
-6
Evaluate (-81 - -96) + -24 + 2.
-7
-4 + 27 + (-120 - -104)
7
What is -7 - 1 - (-14 + 37 + (-21 - -8))?
-18
Calculate -7 + (13 - (0 + -5 + 0)).
11
What is the value of 61 + -55 + (-4 - -5)?
7
Evaluate (0 - 23 - (18 - 16)) + -84 + 75.
-34
Calculate -7 + (-4 - 2 - -7) + (-1 - -2).
-5
Evaluate 11 + (-7 - 0) + -91 + 99.
12
What is the value of 3 + -2 + (-4 - -9) + -5 - -1?
2
2 + -76 - (-143 + 100)
-31
Calculate -16 + 60 + -11 + -13.
20
-19 + 1 + (33 - (-15 + 41))
-11
What is 5 - 3 - ((9 - 3) + 10 + -9)?
-5
Calculate (11 - 15 - 15) + 12.
-7
What is the value of 39 - (-17 - -35) - 1?
20
What is the value of (-35 + -2 - -18) + 23?
4
Calculate (3 - 6) + -7 + 10 - (28 + -57).
29
Evaluate -33 + (17 - (-1 - -7)).
-22
What is the value of -8 + -5 + -1 - -4?
-10
Calculate -6 + (3 + 3 - 7 - (4 - -1)).
-12
What is the value of 5 + 1 + -1 + 217 + -220 - -25?
27
Evaluate -11 + (0 - (3 + -7)) + -5.
-12
19 + -21 + (3 - -2) + 2
5
What is the value of (2 - 5) + ((2 - -4) + -10 - -10)?
3
Calculate -29 - ((-35 - -40) + -20).
-14
What is the value of -25 - (-3 + -10 + 5 - (-9 + 0))?
-26
Evaluate 2 - (-19 - (-10 - 3) - (-5 + 0)).
3
What is the value of (15 - 9) + 3 - (3 + -3)?
9
Calculate (-6 - (14 + -5 + -1 + -1)) + 4.
-9
Evaluate -21 - -9 - (-18 - (7 - -1)).
14
Evaluate -74 - -97 - (0 - -22).
1
What is the value of 44 + -5 + (-16 - (-20 - (-17 + 7)))?
33
Evaluate -14 - -5 - (-5 + 6 - -7).
-17
What is 54 + -79 - (-5 - 6)?
-14
-23 + 20 + 29 - (-2 - (1 - 7))
22
Calculate (28 - 13) + 15 - 25.
5
What is the value of 4 + (-2 - -2) + -14 + 7 + 0?
-3
Calculate -18 + 17 + (8 - 1) - (-5 - -1).
10
What is the value of 15 + -1 + (52 - (109 - 48))?
5
Evaluate 3 + -16 + (31 - 41).
-23
(17 - (0 - -10)) + (-3 - -1) + 2
7
-2 - 29 - (1 + -3) - (602 + -611)
-20
What is the value of -8 + (6 - (24 + -18))?
-8
Calculate -57 + 30 - -24 - -23.
20
Calculate -10 - -5 - ((0 - (-1 - 1)) + -1).
-6
-2 - (-1 + 12 - (42 + -39))
-10
What is -2 - -6 - -10 - 9?
5
284 + -277 + (0 - (6 - 1))
2
What is the value of (1 - (-2 + -1 + 0)) + -4 - -5?
5
10 + (0 - -6 - (59 - 35))
-8
What is -45 + 23 + (-9 - -11)?
-20
Evaluate (0 - 3) + (5 - 8) + (1 - -10).
5
What is 13 + (10 - (39 - (-4 + 4)))?
-16
What is (6 - 6) + 2 + -8 + 15?
9
Evaluate -1 + -1 - (-5 + -3) - (27 - 24).
3
What is -7 + -4 + (-8 - -9 - -7)?
-3
What is the value of 1 + -9 + (1 - -6) + -4?
-5
What is the value of 945 + -983 + (-1 - -21)?
-18
What is the value of (1 - 0) + -7 + -12 + 4 + 7?
-7
Evaluate 0 + 15 + (0 - 1) + -7.
7
What is the value of 10 + -7 + 7 - (9 + -6)?
7
What is -5 - -28 - (-16 - -2 - -31 - 11)?
17
What is -2 - 3 - (11 + 9 + -1)?
-24
Calculate 26 + -13 - -2 - 22.
-7
Calculate 0 + 2 + -1 + -27 + -326 + 331.
-21
Evaluate 11 + (7 - (29 + -16 + 1)).
4
What is -5 - (6 - -3) - (30 - 47)?
3
Calculate 3 + 5 + -2 - (6 + -6 - 3).
9
Calculate -7 + -2 + 0 + 7 - -8 - -2.
8
Calculate 1 - (6 - (-12 + 24)).
7
What is the value of -4 + 3 + 4 + -2 + -9 - -13?
5
What is the value of -10 + 16 + -9 + -11 + (-4 - -9)?
-9
Evaluate 11 - 11 - -10 - -2.
12
Calculate -6 - -14 - (7 - (2 - 0 - 1)).
2
What is the value of 3 - (21 - -1 - (16 + -23))?
-26
Calculate 37 + -32 - (9 - (1 - 0)) - 6.
-9
Evaluate 20 - 22 - (21 - (3 + -3)) - -6.
-17
What is 5 + -7 + (17 - (-1 - 4 - -13))?
7
Evaluate -1 + (2 - (-11 - -7 - -50)) + 12.
-33
10 + (1 - -1) + 157 + -164
5
Evaluate -